14).
-221
Let m(g) = 18304*g + 256359. What is m(-14)?
103
Let x(d) = -574*d + 24216. Calculate x(39).
1830
Let l(n) = -32927*n + 625403. What is l(19)?
-210
Let c(y) = -2*y**2 - 39883*y + 678585. What is c(17)?
-4
Let i(j) = -694*j + 29171. Determine i(42).
23
Let m(i) = 1670*i - 1231. Give m(2).
2109
Let k(y) = 8*y**3 - 179*y**2 + 70*y - 90. What is k(22)?
-2
Let d(l) = 595*l - 123754. What is d(208)?
6
Let a(c) = 7*c**3 - 153*c**2 + 13*c - 751. Calculate a(22).
19
Let f(r) = -208*r - 282. Determine f(-1).
-74
Let w(x) = 2414*x - 77487. Give w(32).
-239
Let o(n) = -13*n**2 - 11201*n - 88797. Give o(-8).
-21
Let t(u) = -u**3 - 74*u**2 + 7479*u - 412. What is t(57)?
272
Let c(n) = -745*n - 187701. Determine c(-252).
39
Let w(o) = -1673*o + 261015. Give w(156).
27
Let k(t) = -t**2 - 163*t - 807. Determine k(-5).
-17
Let w(z) = -115*z**3 - 2*z**2 + 614*z - 611. Give w(1).
-114
Let i(k) = -2*k**3 - 7*k**2 - 14*k - 43. What is i(-4)?
29
Let k(v) = 9*v**2 - 122443*v - 980126. Give k(-8).
-6
Let k(w) = -w**3 + 2*w**2 + 27*w - 72. What is k(3)?
0
Let y(h) = -26*h**2 + 3551*h - 5543. Calculate y(135).
-8
Let a(r) = -731*r - 29955. Calculate a(-41).
16
Let z(f) = 17406*f - 696267. Give z(40).
-27
Let g(i) = -29*i**3 - 92*i**2 + 4*i + 8. Give g(-2).
-136
Let h(g) = -31*g - 585. Determine h(-51).
996
Let z(u) = 3636145*u - 21816874. Determine z(6).
-4
Let z(f) = f**3 - 12*f**2 + 66*f - 70. Give z(9).
281
Let a(p) = -368*p**3 + 3315*p**2 - 2*p + 30. Give a(9).
255
Let b(t) = t**3 + 46*t**2 - 324*t - 16054. What is b(-45)?
551
Let b(g) = -2*g**3 + 17*g**2 - 43*g + 17. What is b(2)?
-17
Let g(l) = -1885*l + 2255. Calculate g(1).
370
Let l(t) = -7*t**3 - 8*t**2 + 14*t - 13. Calculate l(4).
-533
Let q(i) = -3904*i + 16659. What is q(5)?
-2861
Let m(y) = -10941*y + 32789. Calculate m(3).
-34
Let x(p) = 1670*p + 16317. Give x(-13).
-5393
Let b(w) = 3*w**2 + 195*w + 264. Give b(-64).
72
Let o(b) = -2*b**3 - 109*b**2 - 436*b + 305. What is o(-50)?
-395
Let b(g) = 622*g + 145687. Determine b(-235).
-483
Let l(r) = 204*r - 195. What is l(-7)?
-1623
Let x(m) = m**3 - 15*m**2 - 156*m + 211. Give x(-8).
-13
Let j(c) = -1437*c - 113492. Give j(-79).
31
Let t(z) = -2*z**3 + 525*z**2 - 551*z + 75714. What is t(262)?
-4
Let w(g) = -5*g**3 + 45*g**2 - 824*g + 7441. Give w(9).
25
Let j(h) = 2*h**2 - 7407*h + 29606. Give j(4).
10
Let s(p) = 43*p**2 - 12752*p - 5626. Calculate s(297).
17
Let t(h) = 5796*h + 2057544. Give t(-355).
-36
Let j(o) = -o**3 - 114*o**2 - 155*o + 7728. Determine j(-112).
0
Let c(h) = -31*h**2 - 10075*h + 82574. Calculate c(8).
-10
Let j(f) = -1300*f - 44084. Calculate j(-34).
116
Let s(z) = 18*z**3 - 167*z**2 - 131*z + 1585. What is s(9)?
1
Let g(i) = -i**3 + 103*i**2 - 1391*i - 86. Determine g(87).
1
Let h(x) = 2*x**3 - 74*x**2 + 112*x + 17. Determine h(35).
-963
Let v(s) = s**2 + 623*s + 42430. Determine v(-77).
388
Let z(y) = -y**3 - 3*y**2 + 586*y + 1176. Calculate z(-2).
0
Let m(h) = -4*h**2 + 45*h + 23. Calculate m(17).
-368
Let w(i) = -611*i - 28502. Calculate w(-49).
1437
Let x(h) = -2305022*h - 23050214. Determine x(-10).
6
Let h(j) = -38642*j + 4868887. Calculate h(126).
-5
Let v(n) = 216394*n - 2813213. Determine v(13).
-91
Let m(f) = -4*f**2 + 180*f + 27. Determine m(55).
-2173
Let n(v) = 2*v**3 - 291*v**2 - 151*v + 775. Calculate n(146).
45
Let p(q) = -2*q**2 - 393*q - 2792. What is p(-7)?
-139
Let u(f) = 16*f**3 + 94*f**2 + 127*f - 1. Give u(-7).
-1772
Let v(r) = -2*r**2 - 413*r - 6165. Calculate v(-14).
-775
Let o(k) = 328*k + 273. Determine o(8).
2897
Let f(w) = w**3 + 4*w**2 - 8*w + 1063. Determine f(0).
1063
Let m(z) = -779497*z + 5456488. Give m(7).
9
Let u(c) = c**3 + 35*c**2 - 4007*c + 113789. Determine u(-92).
-15
Let b(n) = n**2 + 134183*n + 536699. Determine b(-4).
-17
Let j(n) = -2*n**3 + 138*n**2 - 13*n - 120. Give j(69).
-1017
Let i(h) = h**3 + 11*h**2 - 404*h - 4109. What is i(-10)?
31
Let c(k) = 2191*k - 212541. Determine c(97).
-14
Let t(d) = 43*d**3 + 68*d**2 - 244*d + 177. Determine t(1).
44
Let s(v) = 9*v**2 - 60*v - 466. Calculate s(-7).
395
Let f(d) = -2*d**3 + 425*d**2 + 700*d - 12404. Determine f(214).
8
Let t(g) = 289*g - 140466. Determine t(486).
-12
Let y(p) = 549228*p - 2746147. What is y(5)?
-7
Let o(k) = -k**3 - 28*k**2 - 76*k - 298. Determine o(-17).
-2185
Let p(j) = j**3 - 42*j**2 - 31*j - 573. Give p(44).
1935
Let n(y) = 893*y**2 + 27669*y - 442. Determine n(-31).
-8
Let a(n) = 2*n**2 + 4959*n + 64280. Calculate a(-13).
151
Let c(d) = -320*d + 11289. Calculate c(37).
-551
Let r(u) = 930*u**2 + 11041*u - 1422. What is r(-12)?
6
Let x(f) = -f**2 - 7615*f + 68614. What is x(9)?
-2
Let s(a) = 42452*a + 254627. What is s(-6)?
-85
Let o(b) = 4126*b + 1798911. Calculate o(-436).
-25
Let i(k) = 2*k**2 + 249*k - 4199. Determine i(15).
-14
Let m(d) = 65*d**2 + 2157*d + 405. Give m(-33).
9
Let d(i) = i**2 - 434*i - 24761. Determine d(-51).
-26
Let l(r) = 6*r**2 + 5452*r - 43418. What is l(8)?
582
Let a(o) = 51054*o - 357366. What is a(7)?
12
Let b(a) = -a**3 + 88*a**2 - 1907*a - 114. Give b(38).
-380
Let s(c) = 479*c + 7666. What is s(-16)?
2
Let b(w) = -28115*w - 2642845. Determine b(-94).
-35
Let n(l) = 29*l + 201. Determine n(-52).
-1307
Let w(c) = -1136668*c - 11366670. Calculate w(-10).
10
Let d(k) = 44*k**2 + 904*k + 8204. Calculate d(-9).
3632
Let q(h) = -533052*h + 1599124. What is q(3)?
-32
Let s(c) = -5098*c + 14980. Calculate s(3).
-314
Let h(f) = -4*f**2 + 389*f - 6102. Give h(65).
2283
Let s(w) = w**3 + 22*w**2 - 85*w - 1785. What is s(-22)?
85
Let p(h) = -11*h**2 - 245*h + 1293. Give p(-27).
-111
Let o(h) = -35534*h - 213085. What is o(-6)?
119
Let u(b) = -5896*b + 53122. Determine u(9).
58
Let s(y) = -82*y + 5844. Give s(57).
1170
Let p(r) = -5262*r + 863289. Calculate p(164).
321
Let r(f) = 1916*f + 9572. Give r(-5).
-8
Let i(v) = -v**3 + 60*v**2 + 137*v - 647. Determine i(62).
159
Let z(x) = -11434*x - 342933. Calculate z(-30).
87
Let o(w) = 319*w**2 - 1889*w + 1565. What is o(1)?
-5
Let m(h) = -116634*h + 2099426. Give m(18).
14
Let h(r) = 2064*r + 103396. Calculate h(-50).
196
Let d(b) = -17*b**2 - 101*b + 473. What is d(5)?
-457
Let f(l) = 4*l**3 + 1145*l**2 - 900*l - 11188. Give f(-287).
5
Let z(j) = -j**2 + 40591*j + 893485. Give z(-22).
-1
Let l(p) = 6*p**3 - 136*p**2 + 277*p - 15. Determine l(2).
43
Let u(o) = o**2 - 293*o - 3319. Determine u(-11).
25
Let d(z) = 48*z**3 + 291*z**2 + 33*z + 236. Give d(-6).
146
Let d(t) = 3*t**2 + 65*t - 17510. Give d(-88).
2
Let m(f) = -51148*f - 204410. Give m(-4).
182
Let k(w) = -w**2 + 1599*w + 38954. Calculate k(-24).
2
Let g(c) = -c**2 - 165*c + 7037. What is g(35)?
37
Let m(b) = b**2 - 165*b + 5525. Calculate m(43).
279
Let t(r) = -r**2 - 2486*r - 1035267. Calculate t(-529).
-14
Let f(c) = -15341*c + 2776713. Give f(181).
-8
Let a(m) = m**3 + 27*m**2 - 161*m + 135. Determine a(-32).
167
Let k(z) = -9*z**2 - 6382*z + 137221. Determine k(-730).
-19
Let c(y) = -566*y + 33937. What is c(60)?
-23
Let q(f) = 97*f**3 - 346*f**2 - 169*f - 6. Give q(4).
-10
Let c(z) = 174*z**2 + 207*z - 44. Calculate c(-5).
3271
Let v(c) = 2*c**3 + 140*c**2 - 3170*c - 191. Calculate v(-88).
-15
Let z(y) = y**3 - 86*y**2 + 332*y - 1403. Calculate z(82).
-1075
Let n(u) = 49130*u + 2210890. Determine n(-45).
40
Let g(p) = 3*p**2 - 62*p - 1894. Calculate g(-21).
731
Let h(f) = -295*f + 22976. Give h(79).
-329
Let n(p) = p**3 + 137*p**2 + 4186*p + 114. Give n(-91).
114
Let j(t) = 874*t - 7812. Give j(9).
54
Let i(p) = -p**3 + 334*p**2 - 7717*p - 2479. What is i(309)?
-7
Let r(g) = 21*g - 740. Calculate r(42).
142
Let g(x) = -299693*x - 14984655. What is g(-50)?
-5
Let z(v) = 2*v**3 + 129*v**2 + 892*v - 12. Determine z(-8).
84
Let i(c) = -15*c**3 + 9*c**2 + 308*c - 896. What is i(3)?
-296
Let l(d) = d**3 + 7*d**2 - 69*d - 633. Calculate l(9).
42
Let i(x) = -x**3 + 10*x**2 + 8534*x - 76734. Determine i(9).
153
Let x(q) = 2*q**3 - 1813*q**2 - 25778*q - 13. Calculate x(-14).
43
Let p(l) = 7813*l - 1109441. Determine p(142).
5
Let w(s) = -62*s**2 - 1186*s + 15. Calculate w(-19).
167
Let d(z) = 309*z - 36460. Calculate d(117).
-307
Let j(r) = r**2 - 31*r - 69. Give j(-11).
393
Let t(p) = 7116*p + 241795. Calculate t(-34).
-149
Let i(c) = c**3 - 92*c**2 + 596*c - 86. What is i(85)?
-1
L